{"id":37,"date":"2014-09-18T13:02:08","date_gmt":"2014-09-18T13:02:08","guid":{"rendered":"http:\/\/tierarztpraxis-homburg.de\/?page_id=37"},"modified":"2015-06-15T09:28:08","modified_gmt":"2015-06-15T09:28:08","slug":"praxis","status":"publish","type":"page","link":"http:\/\/tierarztpraxis-homburg.de\/?page_id=37","title":{"rendered":"Praxis"},"content":{"rendered":"<p>Die Praxis wurde\u00a01992 von Drs. Gal gegr\u00fcndet.<\/p>\n<p>Zum 02.01.2015 hab ich die Praxis \u00fcbernommen. Nun m\u00f6chte ich Ihren Tieren mit Rat und Tat zur Seite stehen. Auch m\u00f6chte ich vermehrt Kaninchen und Meerschweinchen in meiner Praxis willkommen hei\u00dfen, um mit Spezialwissen aus intensiven Fortbildungen und jahrelanger Erfahrung zu helfen.<\/p>\n<p>Die Tierarztpraxis ist\u00a0 sowohl mit dem PKW als\u00a0 auch mit \u00f6ffentlichen Verkehrsmitteln leicht erreichbar, es befinden sich Kurzzeitparkpl\u00e4tze im Hof.<\/p>\n<p>&nbsp;<\/p>\n<p><a title=\"Team\" href=\"http:\/\/tierarztpraxis-homburg.de\/?page_id=53\" target=\"_blank\"><strong>Team<\/strong><\/a><\/p>\n","protected":false},"excerpt":{"rendered":"<p>Die Praxis wurde\u00a01992 von Drs. Gal gegr\u00fcndet. Zum 02.01.2015 hab ich die Praxis \u00fcbernommen. Nun m\u00f6chte ich Ihren Tieren mit Rat und Tat zur Seite stehen. Auch m\u00f6chte ich vermehrt Kaninchen und Meerschweinchen in meiner Praxis willkommen hei\u00dfen, um mit Spezialwissen aus intensiven Fortbildungen und jahrelanger Erfahrung zu helfen. Die Tierarztpraxis ist\u00a0 sowohl mit dem [&hellip;]<\/p>\n","protected":false},"author":1,"featured_media":0,"parent":0,"menu_order":0,"comment_status":"closed","ping_status":"closed","template":"","meta":{"footnotes":""},"class_list":["post-37","page","type-page","status-publish","hentry","entry"],"_links":{"self":[{"href":"http:\/\/tierarztpraxis-homburg.de\/index.php?rest_route=\/wp\/v2\/pages\/37","targetHints":{"allow":["GET"]}}],"collection":[{"href":"http:\/\/tierarztpraxis-homburg.de\/index.php?rest_route=\/wp\/v2\/pages"}],"about":[{"href":"http:\/\/tierarztpraxis-homburg.de\/index.php?rest_route=\/wp\/v2\/types\/page"}],"author":[{"embeddable":true,"href":"http:\/\/tierarztpraxis-homburg.de\/index.php?rest_route=\/wp\/v2\/users\/1"}],"replies":[{"embeddable":true,"href":"http:\/\/tierarztpraxis-homburg.de\/index.php?rest_route=%2Fwp%2Fv2%2Fcomments&post=37"}],"version-history":[{"count":11,"href":"http:\/\/tierarztpraxis-homburg.de\/index.php?rest_route=\/wp\/v2\/pages\/37\/revisions"}],"predecessor-version":[{"id":521,"href":"http:\/\/tierarztpraxis-homburg.de\/index.php?rest_route=\/wp\/v2\/pages\/37\/revisions\/521"}],"wp:attachment":[{"href":"http:\/\/tierarztpraxis-homburg.de\/index.php?rest_route=%2Fwp%2Fv2%2Fmedia&parent=37"}],"curies":[{"name":"wp","href":"https:\/\/api.w.org\/{rel}","templated":true}]}}