{"id":20,"date":"2014-09-17T14:14:34","date_gmt":"2014-09-17T14:14:34","guid":{"rendered":"http:\/\/tierarztpraxis-homburg.de\/?page_id=20"},"modified":"2026-02-15T13:22:11","modified_gmt":"2026-02-15T13:22:11","slug":"impressum","status":"publish","type":"page","link":"http:\/\/tierarztpraxis-homburg.de\/?page_id=20","title":{"rendered":"Impressum"},"content":{"rendered":"<div id=\"right-padding\">\n<div id=\"right\">\n<div class=\"item-page\">\n<h2>\u00a0<span style=\"text-decoration: underline;\"><span style=\"color: #800000; text-decoration: underline;\"><span style=\"color: #008000; text-decoration: underline;\">Tierarztpraxis Dr. Astrid von Rauchhaupt<\/span><br \/>\n<\/span><\/span><\/h2>\n<p>Dr. med. vet. Astrid von Rauchhaupt<\/p>\n<div style=\"margin-left: 15px;\">approbiert als praktische Tier\u00e4rztin seit 1\/1997<\/div>\n<div style=\"margin-left: 15px;\">Titel verliehen in Deutschland<\/div>\n<div style=\"margin-left: 15px;\">promoviert 07\/2006 in Gie\u00dfen<\/div>\n<p>Karlstr. 1<br \/>\n66424 Homburg<\/p>\n<p>Telefon: (06841) 58 57<br \/>\nFax: (06841) 150 691<\/p>\n<p>eMail: praxis (at) kleintierpraxis-homburg.de<\/p>\n<p>Mitglied des bpt (Bund prakt. Tier\u00e4rzte)<br \/>\nzugelassene Turniertier\u00e4rztin (FN, FEI)<\/p>\n<p><b>Betriebsnummer:\u00a032472797<\/b><br \/>\nUmsatzsteuer-ID:\u00a0DE 297 606 575<br \/>\nZust\u00e4ndiges Finanzamt: Homburg<\/p>\n<p><b>Zust\u00e4ndige Kammer:<\/b><br \/>\n<a title=\"Tier\u00e4rztekammer Saarland\" href=\"http:\/\/www.tierarzt-saar.de\" target=\"_blank\" rel=\"noopener\">Tier\u00e4rztekammer des Saarlandes<\/a><br \/>\nFaktoreistr. 4<br \/>\n66111 Saarbr\u00fccken<\/p>\n<p><a title=\"BO T\u00c4K Saarland\" href=\"https:\/\/www.tierarzt-saar.de\/downloads\/\" target=\"_blank\" rel=\"noopener\">Berufsordnung der Tier\u00e4rztekammer des Saarlandes<\/a> und Heilberufegesetz des Saarlandes und der <a title=\"BT\u00c4O\" href=\"https:\/\/www.gesetze-im-internet.de\/bt_o\/BJNR004160965.html\" target=\"_blank\" rel=\"noopener\">Bundestier\u00e4rzteordnung<\/a>.<br \/>\nDie Regelungen sind bei o.g. Tier\u00e4rztekammer abrufbar.<\/p>\n<p><b>Haftpflichtversicherung:<\/b><br \/>\nContinentale Sachversicherung AG, Dortmund<\/p>\n<p><b>Approbationsbeh\u00f6rde:<\/b><br \/>\nRegierungspr\u00e4sidium Gie\u00dfen<\/p>\n<p><b>Haftungshinweis:<\/b><br \/>\nTrotz sorgf\u00e4ltiger inhaltlicher Kontrolle \u00fcbernehme ich keine Haftung f\u00fcr die Inhalte externer Links. F\u00fcr den Inhalt der verlinkten Seiten sind ausschlie\u00dflich deren Betreiber verantwortlich.<\/p>\n<p><strong>Bildnachweise f\u00fcr Headerbild:<\/strong><br \/>\n\u00a9 <a href=\"http:\/\/pixabay.com\/\" target=\"_blank\" rel=\"noopener\">pixabay.com<\/a><\/p>\n<\/div>\n<\/div>\n<\/div>\n","protected":false},"excerpt":{"rendered":"<p>\u00a0Tierarztpraxis Dr. Astrid von Rauchhaupt Dr. med. vet. Astrid von Rauchhaupt approbiert als praktische Tier\u00e4rztin seit 1\/1997 Titel verliehen in Deutschland promoviert 07\/2006 in Gie\u00dfen Karlstr. 1 66424 Homburg Telefon: (06841) 58 57 Fax: (06841) 150 691 eMail: praxis (at) kleintierpraxis-homburg.de Mitglied des bpt (Bund prakt. Tier\u00e4rzte) zugelassene Turniertier\u00e4rztin (FN, FEI) Betriebsnummer:\u00a032472797 Umsatzsteuer-ID:\u00a0DE 297 606 [&hellip;]<\/p>\n","protected":false},"author":1,"featured_media":0,"parent":0,"menu_order":0,"comment_status":"closed","ping_status":"closed","template":"full-width-page.php","meta":{"footnotes":""},"class_list":["post-20","page","type-page","status-publish","hentry","entry"],"_links":{"self":[{"href":"http:\/\/tierarztpraxis-homburg.de\/index.php?rest_route=\/wp\/v2\/pages\/20","targetHints":{"allow":["GET"]}}],"collection":[{"href":"http:\/\/tierarztpraxis-homburg.de\/index.php?rest_route=\/wp\/v2\/pages"}],"about":[{"href":"http:\/\/tierarztpraxis-homburg.de\/index.php?rest_route=\/wp\/v2\/types\/page"}],"author":[{"embeddable":true,"href":"http:\/\/tierarztpraxis-homburg.de\/index.php?rest_route=\/wp\/v2\/users\/1"}],"replies":[{"embeddable":true,"href":"http:\/\/tierarztpraxis-homburg.de\/index.php?rest_route=%2Fwp%2Fv2%2Fcomments&post=20"}],"version-history":[{"count":30,"href":"http:\/\/tierarztpraxis-homburg.de\/index.php?rest_route=\/wp\/v2\/pages\/20\/revisions"}],"predecessor-version":[{"id":1208,"href":"http:\/\/tierarztpraxis-homburg.de\/index.php?rest_route=\/wp\/v2\/pages\/20\/revisions\/1208"}],"wp:attachment":[{"href":"http:\/\/tierarztpraxis-homburg.de\/index.php?rest_route=%2Fwp%2Fv2%2Fmedia&parent=20"}],"curies":[{"name":"wp","href":"https:\/\/api.w.org\/{rel}","templated":true}]}}